-5*o + 2*t = -63, o + 2*o - t = b. Calculate the highest common factor of g and o.
11
Let u be 1/(3*2/132). Let j = 2 - u. Let z be (-6)/15 + (-708)/j. What is the greatest common factor of 7 and z?
7
Let a(h) = -h**2 + 7*h - 4. Let k be a(6). Suppose -5*y = -k*y + j - 36, 5*y - 77 = 4*j. Calculate the highest common divisor of y and 13.
13
Suppose 0 = -0*p + 2*p - 74. Calculate the greatest common divisor of p and 148.
37
Let t = 4 + -3. Let w be (t + 1)/(-1) - -18. Calculate the greatest common divisor of 112 and w.
16
Let q = -6 + 6. Suppose 4 + 12 = -5*c - 2*j, -5*j + 10 = q. Let m(s) = s**2 + 3*s + 4. Let u be m(c). What is the greatest common divisor of 2 and u?
2
Let v(m) = m**3 + m**2 + 2*m + 5. Let j be v(-4). Let l = -19 - j. Calculate the greatest common factor of 80 and l.
16
Let m = 64 - 10. What is the highest common divisor of m and 18?
18
Suppose 3 + 17 = -5*d. Let p be (-2 - -1)*20/d. Suppose 98 = p*b - 102. Calculate the greatest common divisor of b and 10.
10
Let v be 5/(-20) + 18/8. Suppose 2*x - v = -18. Let y be 21 - 0 - (x - -6). What is the greatest common divisor of 230 and y?
23
Suppose 0 = 2*d - 69 - 11. Let l(i) = -2*i + 3*i**3 + 4*i - i + i**3. Let v be l(1). Calculate the greatest common factor of v and d.
5
Suppose 2*d + 3*s - 4*s + 16 = 0, -3*s = -5*d - 40. Let v = 18 + d. Calculate the highest common factor of v and 90.
10
Let j(x) = 14*x + 5. Let o be j(5). Let v be (-2)/(-7) + o/7. Calculate the greatest common divisor of v and 44.
11
Suppose -4*d = 5*o - 23, -3*d + 19 = 4*o - 0*o. What is the greatest common factor of o and 35?
7
Let y(d) = d**2 + 5*d + 4. Let x be y(-5). Let q be 4/8 + (-2)/x. Suppose -l + q = -9. Calculate the highest common factor of l and 18.
9
Suppose 2*o - o - 4*i - 11 = 0, -5*i - 5 = 0. Let w be 0/(2 - 5) + 54. Let g = w - 19. What is the highest common factor of g and o?
7
Let i = 4 + 14. What is the highest common factor of 108 and i?
18
Suppose j - 9 = -2*j. Let m be -1 + -5 + (1 - -1). Let f = 6 + m. What is the highest common factor of j and f?
1
Suppose -3*m + 93 = -0*m. Let k = m + -20. Calculate the highest common divisor of 11 and k.
11
Suppose 5*f - 3 = -w + 54, 0 = 3*f + 3*w - 27. Let i = -7 - -11. Suppose -9 = 2*y + 3*o, i*o + 6 = -2*y - 8. Calculate the greatest common factor of y and f.
3
Let c(w) = w - 16. Let y be c(15). Let b be (-112)/(-10) - y/(-5). Calculate the greatest common divisor of b and 99.
11
Suppose -5*v - 2*l + 94 = 0, -5*l = 4*v - 37 - 45. Calculate the greatest common divisor of v and 45.
9
Let v be 427/21 + 1/(-3). Let m = -14 + v. What is the greatest common divisor of m and 42?
6
Let g = 28 + 42. Let y = -36 + g. What is the greatest common divisor of y and 17?
17
Suppose -17 = -5*i - 2*h + 6, -2*h - 1 = -3*i. Suppose i*g + 2*p = 14 + 148, -3*g + 174 = -2*p. Calculate the highest common divisor of 14 and g.
14
Suppose -9 = -4*b + 3. Suppose 2*i = b*i - 5. Calculate the highest common factor of 35 and i.
5
Let r be (2 + -3)*(4 + -9). Suppose -2*n + 244 = r*s, 2*n + 2*n - 188 = -4*s. Calculate the greatest common divisor of 20 and s.
10
Suppose 0 = 4*n - y - 3*y - 60, 4*y + 4 = 0. What is the highest common divisor of n and 70?
14
Suppose -2*l + 5*v + 333 = 0, -2*l + 7*l - 745 = -5*v. Let m = 12 + -6. Let q be 83/m - 1/(-6). What is the highest common divisor of q and l?
14
Suppose -4*d = d - 4*t - 45, -5*d + 15 = 2*t. What is the highest common divisor of d and 15?
5
Suppose 2*k = n - 40, 0 = -n + 4*k - k + 40. Calculate the greatest common divisor of 10 and n.
10
Let g be (-6)/(-2) + -7 + 47. Let w = 83 - g. Suppose 7*d = 3*d + 32. What is the highest common divisor of w and d?
8
Let p = 1 - -2. Suppose -p*h = -9, s - 57 = -s + h. Let m(c) = c**3 + 3*c**2 - 4*c - 6. Let y be m(-3). What is the highest common divisor of s and y?
6
Let z be (-2)/(-9) - 96/(-54). Let j be (z/(-3) - -2)*6. Calculate the greatest common divisor of j and 4.
4
Suppose -4*v - 348 = -4*r, -r = 2*r + 5*v - 285. Calculate the greatest common factor of r and 9.
9
Let o = -4 + 7. Let t be 1/(-3) + 4/3. What is the greatest common factor of t and o?
1
Let c be (12/(-3) - -6)*8. Let l(v) = 5*v**2 + 2*v + 1. Let b be l(-1). Calculate the highest common factor of c and b.
4
Let k = 4 - 7. Let a(r) = -r**2 - 5*r - 4. Let j be a(k). Suppose -g + 3*u = -4*g + 18, -j*g + 4*u - 6 = 0. Calculate the highest common divisor of 3 and g.
3
Let t(a) = 2*a - 13. Let p be t(7). What is the greatest common divisor of 1 and p?
1
Suppose 0 = t + 1, 19 = i + 2*t - 9. Suppose -y + 150 = y. What is the highest common divisor of y and i?
15
Suppose 4*g + 6 = 62. Let v(o) = 102*o + 4. Let f be v(-3). Let k = -176 - f. Calculate the highest common factor of k and g.
14
Suppose 2*d + 41 = -s + 223, -d - 5 = 0. Let m be 4/10 + s/20. Let w(f) = 15*f**2 - f - 1. Let i be w(-1). Calculate the greatest common factor of m and i.
5
Let r = 1 - 2. Let a be 2 + -3 - (r - 19). Let g be 190*(-1)/(-6)*3. What is the highest common divisor of g and a?
19
Suppose 4*h = -13 + 101. Calculate the highest common factor of 33 and h.
11
Suppose 0 = -5*y - 0*y - 25. Let f = 7 + y. Calculate the highest common factor of 5 and f.
1
Suppose -4*q + 1860 = -2*a, -3*q - a = -2*q - 462. Calculate the greatest common factor of 58 and q.
58
Let a be 66/10 + 2/5. Let x be -1*1 - (-9)/(-1). Let f be 219/6 + 15/x. Calculate the highest common divisor of f and a.
7
Suppose -3*r - 11 = -5*q - 6*r, 0 = 2*q - 3*r - 17. Let i(h) = h**3 - 3*h**2 - 2*h + 1. Let v be i(q). What is the highest common divisor of v and 9?
9
Let t = 19 + 3. What is the highest common factor of 352 and t?
22
Let j(l) = -l**2 + 6*l - 1. Let q be j(4). Suppose b - s = 5, 11 = -5*b + 4*b - 3*s. What is the highest common factor of q and b?
1
Suppose p = -0 + 4. Let a be (15/p)/(6/16). Let h be 4/14 - (-208)/7. Calculate the highest common divisor of h and a.
10
Let c(d) = 2*d - 3. Suppose -2*i = -7*i + 35. Let a be c(i). Calculate the greatest common divisor of 77 and a.
11
Let g = -3 + 9. Suppose -c = 2*c - g. Suppose c*k = k + 8. What is the highest common divisor of k and 72?
8
Suppose 0 = -g - 4*j + 24, 0 = -2*g + j + 15 + 33. Suppose 13*m - 11*m = 8. Let d be 1/(m/(-192))*-2. Calculate the greatest common factor of d and g.
24
Let o(w) = w**3 - 12*w**2 + 13. Let m be o(12). Calculate the greatest common factor of m and 104.
13
Suppose -2*g - 57 = -4*a + 3*g, -2*a = 2*g - 24. Calculate the greatest common factor of 13 and a.
13
Let t(f) be the first derivative of -f**2/2 + 45*f - 1. Let y = -21 - -21. Let g be t(y). What is the highest common factor of 5 and g?
5
Let l = 4 + -1. Let s be (-9)/(-3) + 243/l. Let h = 43 - 31. What is the highest common divisor of h and s?
12
Suppose 0 = -5*w - l + 933, -l - 144 = -2*w + 232. Let s = w - 107. Calculate the greatest common factor of 20 and s.
20
Suppose 0*a - 3*q = 2*a - 89, -4*a + 154 = -2*q. Calculate the greatest common factor of a and 5.
5
Suppose -5*o - s = -25, -4*s + 0 = -4*o - 4. Suppose -l = -b + 11 + o, 2*b - 9 = -5*l. What is the highest common divisor of b and 48?
12
Let b be (-5)/10 + 201/6. What is the greatest common divisor of b and 3?
3
Let t = -15 + 8. Let p(a) = -2*a - 5. Let z be p(t). Calculate the greatest common factor of 99 and z.
9
Let h(a) = -a**2 - 11*a + 27. Let y be h(-11). Suppose -2*g = 5*w - w - 74, 0 = -w + 2*g + 16. Calculate the highest common divisor of w and y.
9
Let o = -28 - -45. Suppose 0 = -3*m - 2*q + 47, m + 3*q = o + 1. What is the greatest common divisor of m and 5?
5
Let s = 58 - 48. Calculate the highest common factor of s and 35.
5
Let d = 61 - 349. Let v be ((-15)/(-4))/((-27)/d). Suppose 4*b - 3*b - y - 13 = 0, b - 23 = 3*y. What is the highest common divisor of b and v?
8
Suppose 6*u = 4*u + 12. Suppose 0 = -5*x - 3*w - 7, -u*w = 5*x - w + 15. What is the greatest common factor of 8 and x?
1
Suppose -3*f = 2*l - 33, 0*f - 3*f = 5*l - 69. What is the highest common factor of l and 132?
12
Let v(w) = -3*w + 1. Let d be v(-1). Suppose r - s + 9 = 2*r, 0 = -r + d*s - 16. Let y = -3 + r. What is the greatest common divisor of 4 and y?
1
Suppose 0 = -v + 10 - 2. Let k(i) = 13*i**2 + 2*i. Let j be (3 + -2)/((-1)/(-2)). Let l be k(j). Calculate the greatest common divisor o